{"id":48,"date":"2021-01-14T12:44:57","date_gmt":"2021-01-14T12:44:57","guid":{"rendered":"http:\/\/www.stegelokalforum.dk\/?page_id=48"},"modified":"2021-03-04T19:53:49","modified_gmt":"2021-03-04T19:53:49","slug":"projekter","status":"publish","type":"page","link":"https:\/\/www.stegelokalforum.dk\/index.php\/projekter\/","title":{"rendered":"Projekter"},"content":{"rendered":"<div id=\"pl-48\"  class=\"panel-layout\" ><div id=\"pg-48-0\"  class=\"panel-grid panel-no-style\" ><div id=\"pgc-48-0-0\"  class=\"panel-grid-cell\" ><div id=\"panel-48-0-0-0\" class=\"so-panel widget widget_nav_menu panel-first-child panel-last-child\" data-index=\"0\" ><h3 class=\"widget-title\">Hop til vores projekter<\/h3><div class=\"menu-vores-projekter-container\"><ul id=\"menu-vores-projekter\" class=\"menu\"><li id=\"menu-item-155\" class=\"menu-item menu-item-type-post_type menu-item-object-page menu-item-155\"><a href=\"https:\/\/www.stegelokalforum.dk\/index.php\/projekter\/vores-projekter\/moens-musikkulturhus\/\">M\u00f8ns Musikkulturhus<\/a><\/li>\n<li id=\"menu-item-154\" class=\"menu-item menu-item-type-post_type menu-item-object-page menu-item-154\"><a href=\"https:\/\/www.stegelokalforum.dk\/index.php\/projekter\/vores-projekter\/affaldsindsamlingskorps\/\">Affald p\u00e5 afveje<\/a><\/li>\n<li id=\"menu-item-153\" class=\"menu-item menu-item-type-post_type menu-item-object-page menu-item-153\"><a href=\"https:\/\/www.stegelokalforum.dk\/index.php\/projekter\/vores-projekter\/verdensmaalsplads\/\">FN&#8217;s Verdensm\u00e5l<\/a><\/li>\n<\/ul><\/div><\/div><\/div><div id=\"pgc-48-0-1\"  class=\"panel-grid-cell\" ><div id=\"panel-48-0-1-0\" class=\"so-panel widget widget_nav_menu panel-first-child panel-last-child\" data-index=\"1\" ><h3 class=\"widget-title\">Hop til det vi f\u00f8lger op p\u00e5<\/h3><div class=\"menu-vi-foelger-op-paa-container\"><ul id=\"menu-vi-foelger-op-paa\" class=\"menu\"><li id=\"menu-item-178\" class=\"menu-item menu-item-type-post_type menu-item-object-page menu-item-178\"><a href=\"https:\/\/www.stegelokalforum.dk\/index.php\/projekter\/andre-projekter\/lendemark-hovedgade\/\">Lendemark Hovedgade<\/a><\/li>\n<li id=\"menu-item-177\" class=\"menu-item menu-item-type-post_type menu-item-object-page menu-item-177\"><a href=\"https:\/\/www.stegelokalforum.dk\/index.php\/projekter\/andre-projekter\/cabaret-grunden-paa-skydevaenget\/\">Cabaret grunden p\u00e5 Skydev\u00e6nget<\/a><\/li>\n<li id=\"menu-item-175\" class=\"menu-item menu-item-type-post_type menu-item-object-page menu-item-175\"><a href=\"https:\/\/www.stegelokalforum.dk\/index.php\/projekter\/andre-projekter\/renovering-af-moelleporten\/\">Renovering af M\u00f8lleporten<\/a><\/li>\n<li id=\"menu-item-176\" class=\"menu-item menu-item-type-post_type menu-item-object-page menu-item-176\"><a href=\"https:\/\/www.stegelokalforum.dk\/index.php\/projekter\/andre-projekter\/feriepark-i-hjelm-bugt\/\">Feriepark i Hjelm Bugt<\/a><\/li>\n<\/ul><\/div><\/div><\/div><\/div><div id=\"pg-48-1\"  class=\"panel-grid panel-no-style\" ><div id=\"pgc-48-1-0\"  class=\"panel-grid-cell\" ><div id=\"panel-48-1-0-0\" class=\"so-panel widget widget_sow-editor panel-first-child panel-last-child\" data-index=\"2\" ><div\n\t\t\t\n\t\t\tclass=\"so-widget-sow-editor so-widget-sow-editor-base\"\n\t\t\t\n\t\t><h3 class=\"widget-title\">Generelt om projekter<\/h3>\n<div class=\"siteorigin-widget-tinymce textwidget\">\n\t<p><span style=\"font-family: 'Source Sans Pro', sans-serif; font-size: 18px;\">Bestyrelsen har hele tiden \u00f8jnene \u00e5bne overfor Stege bys borgere om emner, som kan komme hele byen til gode.\u00a0<\/span>Ansporingen kan v\u00e6re en henvendelse fra en borger, en handling eller mangel p\u00e5 samme fra kommunalbestyrelsen, et anliggende i en forening, som kr\u00e6ver en inddragelse af andre resursepersoner, eller det kan v\u00e6re et medlem af Lokalforum, som peger p\u00e5 handling om et emne.<br \/>\nVi beder derfor alle om at henvende sig med emner, som vi sammen kan g\u00f8re noget ved.<br \/>\nP\u00e5 de f\u00f8lgende sider kan du l\u00e6se om projekter, som vi har eller haft fingre i.<\/p>\n<\/div>\n<\/div><\/div><\/div><\/div><\/div><p>Hits: 982<\/p>","protected":false},"excerpt":{"rendered":"<p>Bestyrelsen har hele tiden \u00f8jnene \u00e5bne overfor Stege bys borgere om emner, som kan komme hele byen til gode.\u00a0Ansporingen kan v\u00e6re en henvendelse fra en borger, en handling eller mangel p\u00e5 samme fra kommunalbestyrelsen, et anliggende i en forening, som kr\u00e6ver en inddragelse af andre resursepersoner, eller det kan v\u00e6re et medlem af Lokalforum, som&hellip; <br \/> <a class=\"button small blue\" href=\"https:\/\/www.stegelokalforum.dk\/index.php\/projekter\/\">L\u00e6s mere<\/a><\/p>\n<div class=\"pvc_clear\"><\/div>\n<p id=\"pvc_stats_48\" class=\"pvc_stats all  \" data-element-id=\"48\" style=\"\"><i class=\"pvc-stats-icon medium\" aria-hidden=\"true\"><svg aria-hidden=\"true\" focusable=\"false\" data-prefix=\"far\" data-icon=\"chart-bar\" role=\"img\" xmlns=\"http:\/\/www.w3.org\/2000\/svg\" viewBox=\"0 0 512 512\" class=\"svg-inline--fa fa-chart-bar fa-w-16 fa-2x\"><path fill=\"currentColor\" d=\"M396.8 352h22.4c6.4 0 12.8-6.4 12.8-12.8V108.8c0-6.4-6.4-12.8-12.8-12.8h-22.4c-6.4 0-12.8 6.4-12.8 12.8v230.4c0 6.4 6.4 12.8 12.8 12.8zm-192 0h22.4c6.4 0 12.8-6.4 12.8-12.8V140.8c0-6.4-6.4-12.8-12.8-12.8h-22.4c-6.4 0-12.8 6.4-12.8 12.8v198.4c0 6.4 6.4 12.8 12.8 12.8zm96 0h22.4c6.4 0 12.8-6.4 12.8-12.8V204.8c0-6.4-6.4-12.8-12.8-12.8h-22.4c-6.4 0-12.8 6.4-12.8 12.8v134.4c0 6.4 6.4 12.8 12.8 12.8zM496 400H48V80c0-8.84-7.16-16-16-16H16C7.16 64 0 71.16 0 80v336c0 17.67 14.33 32 32 32h464c8.84 0 16-7.16 16-16v-16c0-8.84-7.16-16-16-16zm-387.2-48h22.4c6.4 0 12.8-6.4 12.8-12.8v-70.4c0-6.4-6.4-12.8-12.8-12.8h-22.4c-6.4 0-12.8 6.4-12.8 12.8v70.4c0 6.4 6.4 12.8 12.8 12.8z\" class=\"\"><\/path><\/svg><\/i> <img loading=\"lazy\" decoding=\"async\" width=\"16\" height=\"16\" alt=\"Loading\" src=\"https:\/\/www.stegelokalforum.dk\/wp-content\/plugins\/page-views-count\/ajax-loader-2x.gif\" border=0 \/><\/p>\n<div class=\"pvc_clear\"><\/div>\n","protected":false},"author":2,"featured_media":0,"parent":0,"menu_order":3,"comment_status":"closed","ping_status":"closed","template":"","meta":{"footnotes":""},"_links":{"self":[{"href":"https:\/\/www.stegelokalforum.dk\/index.php\/wp-json\/wp\/v2\/pages\/48"}],"collection":[{"href":"https:\/\/www.stegelokalforum.dk\/index.php\/wp-json\/wp\/v2\/pages"}],"about":[{"href":"https:\/\/www.stegelokalforum.dk\/index.php\/wp-json\/wp\/v2\/types\/page"}],"author":[{"embeddable":true,"href":"https:\/\/www.stegelokalforum.dk\/index.php\/wp-json\/wp\/v2\/users\/2"}],"replies":[{"embeddable":true,"href":"https:\/\/www.stegelokalforum.dk\/index.php\/wp-json\/wp\/v2\/comments?post=48"}],"version-history":[{"count":11,"href":"https:\/\/www.stegelokalforum.dk\/index.php\/wp-json\/wp\/v2\/pages\/48\/revisions"}],"predecessor-version":[{"id":934,"href":"https:\/\/www.stegelokalforum.dk\/index.php\/wp-json\/wp\/v2\/pages\/48\/revisions\/934"}],"wp:attachment":[{"href":"https:\/\/www.stegelokalforum.dk\/index.php\/wp-json\/wp\/v2\/media?parent=48"}],"curies":[{"name":"wp","href":"https:\/\/api.w.org\/{rel}","templated":true}]}}