{"id":168,"date":"2021-01-14T18:44:51","date_gmt":"2021-01-14T18:44:51","guid":{"rendered":"http:\/\/www.stegelokalforum.dk\/?page_id=168"},"modified":"2021-01-15T05:48:10","modified_gmt":"2021-01-15T05:48:10","slug":"cabaret-grunden-paa-skydevaenget","status":"publish","type":"page","link":"https:\/\/www.stegelokalforum.dk\/index.php\/projekter\/andre-projekter\/cabaret-grunden-paa-skydevaenget\/","title":{"rendered":"Cabaret grunden p\u00e5 Skydev\u00e6nget"},"content":{"rendered":"<div id=\"pl-168\"  class=\"panel-layout\" ><div id=\"pg-168-0\"  class=\"panel-grid panel-no-style\" ><div id=\"pgc-168-0-0\"  class=\"panel-grid-cell\" ><div id=\"panel-168-0-0-0\" class=\"so-panel widget widget_sow-editor panel-first-child panel-last-child\" data-index=\"0\" ><div\n\t\t\t\n\t\t\tclass=\"so-widget-sow-editor so-widget-sow-editor-base\"\n\t\t\t\n\t\t><h3 class=\"widget-title\">Det f\u00f8lger vi op p\u00e5<\/h3>\n<div class=\"siteorigin-widget-tinymce textwidget\">\n\t<p>Der har v\u00e6ret endnu et borgerm\u00f8de om Cabaret-grunden p\u00e5 Skydev\u00e6nget.<br \/>\nKommunens folk blev if\u00f8lge pressen sendt hjem med uforrettet sag.<br \/>\nVi er interesseret i at f\u00e5 svar p\u00e5 hvad det videre forl\u00f8b i sagen vil v\u00e6re.<br \/>\nByplanl\u00e6gger Signe Ulfeldt Nielsen udtaler: Der er et politisk \u00f8nske om at udarbejde en lokalplan, der muligg\u00f8r boliger p\u00e5 grunden. Det er \u00e5rsagen til at kommunen i sin tid k\u00f8bte grunden.<br \/>\nBorgerm\u00f8det havde til form\u00e5l at informere om lokalplanforslaget som en del af h\u00f8ringen og kl\u00e6de borgerne p\u00e5 til at tage stilling til lokalplanen, herunder om de \u00f8nsker at indsende et h\u00f8ringssvar.<br \/>\nDet er op til politikerne om de vil im\u00f8dekomme h\u00f8ringssvarene fra borgerne.<\/p>\n<\/div>\n<\/div><\/div><\/div><\/div><\/div><p>Hits: 698<\/p>","protected":false},"excerpt":{"rendered":"<p>Der har v\u00e6ret endnu et borgerm\u00f8de om Cabaret-grunden p\u00e5 Skydev\u00e6nget. Kommunens folk blev if\u00f8lge pressen sendt hjem med uforrettet sag. Vi er interesseret i at f\u00e5 svar p\u00e5 hvad det videre forl\u00f8b i sagen vil v\u00e6re. Byplanl\u00e6gger Signe Ulfeldt Nielsen udtaler: Der er et politisk \u00f8nske om at udarbejde en lokalplan, der muligg\u00f8r boliger p\u00e5&hellip; <br \/> <a class=\"button small blue\" href=\"https:\/\/www.stegelokalforum.dk\/index.php\/projekter\/andre-projekter\/cabaret-grunden-paa-skydevaenget\/\">L\u00e6s mere<\/a><\/p>\n<div class=\"pvc_clear\"><\/div>\n<p id=\"pvc_stats_168\" class=\"pvc_stats all  \" data-element-id=\"168\" style=\"\"><i class=\"pvc-stats-icon medium\" aria-hidden=\"true\"><svg aria-hidden=\"true\" focusable=\"false\" data-prefix=\"far\" data-icon=\"chart-bar\" role=\"img\" xmlns=\"http:\/\/www.w3.org\/2000\/svg\" viewBox=\"0 0 512 512\" class=\"svg-inline--fa fa-chart-bar fa-w-16 fa-2x\"><path fill=\"currentColor\" d=\"M396.8 352h22.4c6.4 0 12.8-6.4 12.8-12.8V108.8c0-6.4-6.4-12.8-12.8-12.8h-22.4c-6.4 0-12.8 6.4-12.8 12.8v230.4c0 6.4 6.4 12.8 12.8 12.8zm-192 0h22.4c6.4 0 12.8-6.4 12.8-12.8V140.8c0-6.4-6.4-12.8-12.8-12.8h-22.4c-6.4 0-12.8 6.4-12.8 12.8v198.4c0 6.4 6.4 12.8 12.8 12.8zm96 0h22.4c6.4 0 12.8-6.4 12.8-12.8V204.8c0-6.4-6.4-12.8-12.8-12.8h-22.4c-6.4 0-12.8 6.4-12.8 12.8v134.4c0 6.4 6.4 12.8 12.8 12.8zM496 400H48V80c0-8.84-7.16-16-16-16H16C7.16 64 0 71.16 0 80v336c0 17.67 14.33 32 32 32h464c8.84 0 16-7.16 16-16v-16c0-8.84-7.16-16-16-16zm-387.2-48h22.4c6.4 0 12.8-6.4 12.8-12.8v-70.4c0-6.4-6.4-12.8-12.8-12.8h-22.4c-6.4 0-12.8 6.4-12.8 12.8v70.4c0 6.4 6.4 12.8 12.8 12.8z\" class=\"\"><\/path><\/svg><\/i> <img loading=\"lazy\" decoding=\"async\" width=\"16\" height=\"16\" alt=\"Loading\" src=\"https:\/\/www.stegelokalforum.dk\/wp-content\/plugins\/page-views-count\/ajax-loader-2x.gif\" border=0 \/><\/p>\n<div class=\"pvc_clear\"><\/div>\n","protected":false},"author":2,"featured_media":0,"parent":159,"menu_order":2,"comment_status":"closed","ping_status":"closed","template":"","meta":{"footnotes":""},"_links":{"self":[{"href":"https:\/\/www.stegelokalforum.dk\/index.php\/wp-json\/wp\/v2\/pages\/168"}],"collection":[{"href":"https:\/\/www.stegelokalforum.dk\/index.php\/wp-json\/wp\/v2\/pages"}],"about":[{"href":"https:\/\/www.stegelokalforum.dk\/index.php\/wp-json\/wp\/v2\/types\/page"}],"author":[{"embeddable":true,"href":"https:\/\/www.stegelokalforum.dk\/index.php\/wp-json\/wp\/v2\/users\/2"}],"replies":[{"embeddable":true,"href":"https:\/\/www.stegelokalforum.dk\/index.php\/wp-json\/wp\/v2\/comments?post=168"}],"version-history":[{"count":2,"href":"https:\/\/www.stegelokalforum.dk\/index.php\/wp-json\/wp\/v2\/pages\/168\/revisions"}],"predecessor-version":[{"id":186,"href":"https:\/\/www.stegelokalforum.dk\/index.php\/wp-json\/wp\/v2\/pages\/168\/revisions\/186"}],"up":[{"embeddable":true,"href":"https:\/\/www.stegelokalforum.dk\/index.php\/wp-json\/wp\/v2\/pages\/159"}],"wp:attachment":[{"href":"https:\/\/www.stegelokalforum.dk\/index.php\/wp-json\/wp\/v2\/media?parent=168"}],"curies":[{"name":"wp","href":"https:\/\/api.w.org\/{rel}","templated":true}]}}

Cabaret grunden på Skydevænget

<div id="pl-168"  class="panel-layout" ><div id="pg-168-0"  class="panel-grid panel-no-style" ><div id="pgc-168-0-0"  class="panel-grid-cell" ><div id="panel-168-0-0-0" class="so-panel widget widget_sow-editor panel-first-child panel-last-child" data-index="0" ><div
			
			class="so-widget-sow-editor so-widget-sow-editor-base"
			
		><h3 class="widget-title">Det følger vi op på</h3>
<div class="siteorigin-widget-tinymce textwidget">
	<p>Der har været endnu et borgermøde om Cabaret-grunden på Skydevænget.<br />
Kommunens folk blev ifølge pressen sendt hjem med uforrettet sag.<br />
Vi er interesseret i at få svar på hvad det videre forløb i sagen vil være.<br />
Byplanlægger Signe Ulfeldt Nielsen udtaler: Der er et politisk ønske om at udarbejde en lokalplan, der muliggør boliger på grunden. Det er årsagen til at kommunen i sin tid købte grunden.<br />
Borgermødet havde til formål at informere om lokalplanforslaget som en del af høringen og klæde borgerne på til at tage stilling til lokalplanen, herunder om de ønsker at indsende et høringssvar.<br />
Det er op til politikerne om de vil imødekomme høringssvarene fra borgerne.</p>
</div>
</div></div></div></div></div><p>Hits: 698</p>

<p>Der har været endnu et borgermøde om Cabaret-grunden på Skydevænget. Kommunens folk blev ifølge pressen sendt hjem med uforrettet sag. Vi er interesseret i at få svar på hvad det videre forløb i sagen vil være. Byplanlægger Signe Ulfeldt Nielsen udtaler: Der er et politisk ønske om at udarbejde en lokalplan, der muliggør boliger på&hellip; <br /> <a class="button small blue" href="https://www.stegelokalforum.dk/index.php/projekter/andre-projekter/cabaret-grunden-paa-skydevaenget/">Læs mere</a></p>
<div class="pvc_clear"></div>
<p id="pvc_stats_168" class="pvc_stats all  " data-element-id="168" style=""><i class="pvc-stats-icon medium" aria-hidden="true"><svg aria-hidden="true" focusable="false" data-prefix="far" data-icon="chart-bar" role="img" xmlns="http://www.w3.org/2000/svg" viewBox="0 0 512 512" class="svg-inline--fa fa-chart-bar fa-w-16 fa-2x"><path fill="currentColor" d="M396.8 352h22.4c6.4 0 12.8-6.4 12.8-12.8V108.8c0-6.4-6.4-12.8-12.8-12.8h-22.4c-6.4 0-12.8 6.4-12.8 12.8v230.4c0 6.4 6.4 12.8 12.8 12.8zm-192 0h22.4c6.4 0 12.8-6.4 12.8-12.8V140.8c0-6.4-6.4-12.8-12.8-12.8h-22.4c-6.4 0-12.8 6.4-12.8 12.8v198.4c0 6.4 6.4 12.8 12.8 12.8zm96 0h22.4c6.4 0 12.8-6.4 12.8-12.8V204.8c0-6.4-6.4-12.8-12.8-12.8h-22.4c-6.4 0-12.8 6.4-12.8 12.8v134.4c0 6.4 6.4 12.8 12.8 12.8zM496 400H48V80c0-8.84-7.16-16-16-16H16C7.16 64 0 71.16 0 80v336c0 17.67 14.33 32 32 32h464c8.84 0 16-7.16 16-16v-16c0-8.84-7.16-16-16-16zm-387.2-48h22.4c6.4 0 12.8-6.4 12.8-12.8v-70.4c0-6.4-6.4-12.8-12.8-12.8h-22.4c-6.4 0-12.8 6.4-12.8 12.8v70.4c0 6.4 6.4 12.8 12.8 12.8z" class=""></path></svg></i> <img loading="lazy" decoding="async" width="16" height="16" alt="Loading" src="https://www.stegelokalforum.dk/wp-content/plugins/page-views-count/ajax-loader-2x.gif" border=0 /></p>
<div class="pvc_clear"></div>
