{"id":107,"date":"2021-01-14T15:31:31","date_gmt":"2021-01-14T15:31:31","guid":{"rendered":"http:\/\/www.stegelokalforum.dk\/?page_id=107"},"modified":"2021-04-14T14:09:56","modified_gmt":"2021-04-14T14:09:56","slug":"moens-musikkulturhus","status":"publish","type":"page","link":"https:\/\/www.stegelokalforum.dk\/index.php\/projekter\/vores-projekter\/moens-musikkulturhus\/","title":{"rendered":"M\u00f8ns Musikkulturhus"},"content":{"rendered":"<div id=\"pl-107\"  class=\"panel-layout\" ><div id=\"pg-107-0\"  class=\"panel-grid panel-has-style\" ><div class=\"siteorigin-panels-stretch panel-row-style panel-row-style-for-107-0\" data-stretch-type=\"full\" ><div id=\"pgc-107-0-0\"  class=\"panel-grid-cell\" ><div id=\"panel-107-0-0-0\" class=\"so-panel widget widget_sow-headline panel-first-child\" data-index=\"0\" ><div\n\t\t\t\n\t\t\tclass=\"so-widget-sow-headline so-widget-sow-headline-default-52b4ac1ef306-107 so-widget-fittext-wrapper\"\n\t\t\t data-fit-text-compressor=\"0.85\"\n\t\t><div class=\"sow-headline-container \">\n\t<h1 class='sow-headline'>Vi har fokus p\u00e5:<\/h1><\/div>\n<\/div><\/div><div id=\"panel-107-0-0-1\" class=\"so-panel widget widget_sow-features panel-last-child\" data-index=\"1\" ><div\n\t\t\t\n\t\t\tclass=\"so-widget-sow-features so-widget-sow-features-default-0ff25fbec0fd-107\"\n\t\t\t\n\t\t>\n<div class=\"sow-features-list sow-features-responsive\">\n\n\t\t\t\t\t\t\t\t\t<div\n\t\t\t\tclass=\"sow-features-feature sow-icon-container-position-top sow-features-feature-last-row\"\n\t\t\t\tstyle=\"display: flex; flex-direction: column; width: 33.333%;\"\n\t\t\t>\n\t\t\t\n\t\t\t\t\t\t\t\t<div\n\t\t\t\t\tclass=\"sow-icon-container sow-container-sticker\"\n\t\t\t\t\tstyle=\"color: #e5d96b; \"\n\t\t\t\t\ttitle=\"Visionen\">\n\t\t\t\t\t<span class=\"sow-icon-fontawesome sow-fas\" data-sow-icon=\"&#xf001;\"\n\t\tstyle=\"font-size: 70px; color: #FFFFFF\" \n\t\taria-hidden=\"true\"><\/span>\t\t\t\t<\/div>\n\t\t\t\t\n\t\t\t\t<div class=\"textwidget\">\n\t\t\t\t\t\n\t\t\t\t\t\t\t\t\t\t\t<h5>\n\t\t\t\t\t\t\t\n\t\t\t\t\t\t\tVisionen\t\t\t\t\t\t\t\t\t\t\t\t\t<\/h5>\n\t\t\t\t\t\n\t\t\t\t\t\t\t\t\t\t\t<p><strong>Vi interesserer os for: <\/strong>at v\u00e6re medvirkende til skabelse af M\u00f8ns Musikkulturhus i Stege. Husets aktiviteter skal appellere til alle borgere p\u00e5 tv\u00e6rs af generationer, \u00e5rgange, livsgerning og status. M\u00f8ns Musikkulturhus skal v\u00e6re rammen om mange slags musik og andre kulturaktiviteter.<\/p>\n<p><strong>Vi \u00f8nsker:<\/strong> at tilbyde de unge i Stege et bedre alternativ end at \"h\u00e6nge p\u00e5 gader og str\u00e6der\". I Stege Lokalforum vil vi gerne v\u00e6re facilitator for etablering af en forening der kan varetage opgaven med at s\u00e6tte et s\u00e5dant initiativ i gang.<\/p>\n<p style=\"font-weight: 400;\"><strong>Vi har indtil videre gjort f\u00f8lgende:<\/strong> afholdt \u00e5bent id\u00e9m\u00f8de. Resultatet af dette blev en arbejdsgruppe, der er mundet ud i en bestyrelse for foreningen Ungdomshuset M\u00f8n.<\/p>\n\t\t\t\t\t\n\t\t\t\t\t\t\t\t\t<\/div>\n\t\t\t\t\t\t\t\t\n\t\t\t\t\t\t\t<\/div>\n\n\t\t\t\t\t\t\t\t<div\n\t\t\t\tclass=\"sow-features-feature sow-icon-container-position-top sow-features-feature-last-row\"\n\t\t\t\tstyle=\"display: flex; flex-direction: column; width: 33.333%;\"\n\t\t\t>\n\t\t\t\n\t\t\t\t\t\t\t\t<div\n\t\t\t\t\tclass=\"sow-icon-container sow-container-sticker\"\n\t\t\t\t\tstyle=\"color: #e5d96b; \"\n\t\t\t\t\ttitle=\"Ungdomshuset M\u00f8n\">\n\t\t\t\t\t<span class=\"sow-icon-fontawesome sow-fas\" data-sow-icon=\"&#xf4da;\"\n\t\tstyle=\"font-size: 70px; color: #FFFFFF\" \n\t\taria-hidden=\"true\"><\/span>\t\t\t\t<\/div>\n\t\t\t\t\n\t\t\t\t<div class=\"textwidget\">\n\t\t\t\t\t\n\t\t\t\t\t\t\t\t\t\t\t<h5>\n\t\t\t\t\t\t\t\n\t\t\t\t\t\t\tUngdomshuset M\u00f8n\t\t\t\t\t\t\t\t\t\t\t\t\t<\/h5>\n\t\t\t\t\t\n\t\t\t\t\t\t\t\t\t\t\t<p><strong>Vi interesserer os for:<\/strong> at hj\u00e6lpe Ungdomshuset M\u00f8n godt i gang, derfor deltager vi i bestyrelsen<\/p>\n<p><strong>Vi \u00f8nsker:<\/strong> at finde et egnet sted, hvor s\u00e6rligt de unge har lyst til at opholde sig<\/p>\n<p>Bestyrelsen til Ungdomshuset M\u00f8n er en super aktiv og dedikeret bestyrelse der er rigtig godt i gang.<\/p>\n<p>F\u00f8lg med p\u00e5 Facebook:\u00a0<a href=\"https:\/\/www.facebook.com\/Ungdomshuset-M%C3%B8ns-St%C3%B8ttegruppe-103828398411106\">https:\/\/www.facebook.com\/Ungdomshuset-M%C3%B8ns-St%C3%B8ttegruppe-103828398411106<\/a><\/p>\n<p>&nbsp;<\/p>\n<p>&nbsp;<\/p>\n\t\t\t\t\t\n\t\t\t\t\t\t\t\t\t<\/div>\n\t\t\t\t\t\t\t\t\n\t\t\t\t\t\t\t<\/div>\n\n\t\t\t\n<\/div>\n<\/div><\/div><\/div><\/div><\/div><\/div><p>Hits: 921<\/p>","protected":false},"excerpt":{"rendered":"<p>Vi har fokus p\u00e5: Visionen Vi interesserer os for: at v\u00e6re medvirkende til skabelse af M\u00f8ns Musikkulturhus i Stege. Husets aktiviteter skal appellere til alle borgere p\u00e5 tv\u00e6rs af generationer, \u00e5rgange, livsgerning og status. M\u00f8ns Musikkulturhus skal v\u00e6re rammen om mange slags musik og andre kulturaktiviteter. Vi \u00f8nsker: at tilbyde de unge i Stege et&hellip; <br \/> <a class=\"button small blue\" href=\"https:\/\/www.stegelokalforum.dk\/index.php\/projekter\/vores-projekter\/moens-musikkulturhus\/\">L\u00e6s mere<\/a><\/p>\n<div class=\"pvc_clear\"><\/div>\n<p id=\"pvc_stats_107\" class=\"pvc_stats all  \" data-element-id=\"107\" style=\"\"><i class=\"pvc-stats-icon medium\" aria-hidden=\"true\"><svg aria-hidden=\"true\" focusable=\"false\" data-prefix=\"far\" data-icon=\"chart-bar\" role=\"img\" xmlns=\"http:\/\/www.w3.org\/2000\/svg\" viewBox=\"0 0 512 512\" class=\"svg-inline--fa fa-chart-bar fa-w-16 fa-2x\"><path fill=\"currentColor\" d=\"M396.8 352h22.4c6.4 0 12.8-6.4 12.8-12.8V108.8c0-6.4-6.4-12.8-12.8-12.8h-22.4c-6.4 0-12.8 6.4-12.8 12.8v230.4c0 6.4 6.4 12.8 12.8 12.8zm-192 0h22.4c6.4 0 12.8-6.4 12.8-12.8V140.8c0-6.4-6.4-12.8-12.8-12.8h-22.4c-6.4 0-12.8 6.4-12.8 12.8v198.4c0 6.4 6.4 12.8 12.8 12.8zm96 0h22.4c6.4 0 12.8-6.4 12.8-12.8V204.8c0-6.4-6.4-12.8-12.8-12.8h-22.4c-6.4 0-12.8 6.4-12.8 12.8v134.4c0 6.4 6.4 12.8 12.8 12.8zM496 400H48V80c0-8.84-7.16-16-16-16H16C7.16 64 0 71.16 0 80v336c0 17.67 14.33 32 32 32h464c8.84 0 16-7.16 16-16v-16c0-8.84-7.16-16-16-16zm-387.2-48h22.4c6.4 0 12.8-6.4 12.8-12.8v-70.4c0-6.4-6.4-12.8-12.8-12.8h-22.4c-6.4 0-12.8 6.4-12.8 12.8v70.4c0 6.4 6.4 12.8 12.8 12.8z\" class=\"\"><\/path><\/svg><\/i> <img loading=\"lazy\" decoding=\"async\" width=\"16\" height=\"16\" alt=\"Loading\" src=\"https:\/\/www.stegelokalforum.dk\/wp-content\/plugins\/page-views-count\/ajax-loader-2x.gif\" border=0 \/><\/p>\n<div class=\"pvc_clear\"><\/div>\n","protected":false},"author":2,"featured_media":0,"parent":128,"menu_order":1,"comment_status":"closed","ping_status":"closed","template":"","meta":{"footnotes":""},"_links":{"self":[{"href":"https:\/\/www.stegelokalforum.dk\/index.php\/wp-json\/wp\/v2\/pages\/107"}],"collection":[{"href":"https:\/\/www.stegelokalforum.dk\/index.php\/wp-json\/wp\/v2\/pages"}],"about":[{"href":"https:\/\/www.stegelokalforum.dk\/index.php\/wp-json\/wp\/v2\/types\/page"}],"author":[{"embeddable":true,"href":"https:\/\/www.stegelokalforum.dk\/index.php\/wp-json\/wp\/v2\/users\/2"}],"replies":[{"embeddable":true,"href":"https:\/\/www.stegelokalforum.dk\/index.php\/wp-json\/wp\/v2\/comments?post=107"}],"version-history":[{"count":29,"href":"https:\/\/www.stegelokalforum.dk\/index.php\/wp-json\/wp\/v2\/pages\/107\/revisions"}],"predecessor-version":[{"id":1094,"href":"https:\/\/www.stegelokalforum.dk\/index.php\/wp-json\/wp\/v2\/pages\/107\/revisions\/1094"}],"up":[{"embeddable":true,"href":"https:\/\/www.stegelokalforum.dk\/index.php\/wp-json\/wp\/v2\/pages\/128"}],"wp:attachment":[{"href":"https:\/\/www.stegelokalforum.dk\/index.php\/wp-json\/wp\/v2\/media?parent=107"}],"curies":[{"name":"wp","href":"https:\/\/api.w.org\/{rel}","templated":true}]}}