{"id":170,"date":"2021-01-14T18:46:13","date_gmt":"2021-01-14T18:46:13","guid":{"rendered":"http:\/\/www.stegelokalforum.dk\/?page_id=170"},"modified":"2023-11-12T18:37:50","modified_gmt":"2023-11-12T18:37:50","slug":"feriepark-i-hjelm-bugt","status":"publish","type":"page","link":"http:\/\/www.stegelokalforum.dk\/index.php\/projekter\/andre-projekter\/feriepark-i-hjelm-bugt\/","title":{"rendered":"Feriepark i Hjelm Bugt"},"content":{"rendered":"<div id=\"pl-170\"  class=\"panel-layout\" ><div id=\"pg-170-0\"  class=\"panel-grid panel-no-style\" ><div id=\"pgc-170-0-0\"  class=\"panel-grid-cell\" ><div id=\"panel-170-0-0-0\" class=\"so-panel widget widget_sow-editor panel-first-child panel-last-child\" data-index=\"0\" ><div\n\t\t\t\n\t\t\tclass=\"so-widget-sow-editor so-widget-sow-editor-base\"\n\t\t\t\n\t\t><h3 class=\"widget-title\">Feriepark Hjelm Bugt bliver ikke til noget <\/h3>\n<div class=\"siteorigin-widget-tinymce textwidget\">\n\t<p>Ferieparken hjelm Bugt er taget af bordet pga. manglende opbakning lokalt.<\/p>\n<p>Vi f\u00f8lger op p\u00e5.<\/p>\n<p>P\u00e5 hjemmesiden www.m\u00f8nsklint.com, som tilsyneladende er ejet af projektet \u201dM\u00f8ns Klint Feriepark\u201d, optr\u00e6der to af kommunens embedsm\u00e6nd, Anja Valh\u00f8j og Jan Michelsen i en meget flot reklamefilm for et ferieparkprojekt i Hjelm Bugt.<br \/>\nHer fort\u00e6lles bl.a. om eldrevne busser der skal transportere ferieg\u00e6ster fra en f\u00e6lles parkeringsplads og ud til ferieparken.<br \/>\nVi finder det bet\u00e6nkeligt, at kommunens embedsm\u00e6nd lader sig bruge til at reklamere for et projekt, som m\u00f8nboerne tilsyneladende generelt er meget lidt begejstrede for.<br \/>\nVi vil endvidere gerne vide mere om pr\u00e6misserne for projektet, f.eks.:<br \/>\nEr der i projektet indlagt den n\u00e6vnte n\u00f8dvendige<br \/>\n- infrastruktur, kloakering, affaldsh\u00e5ndtering, el-bus-transport, cykelladestationer, ekstra toiletforhold og affaldsopsamling langs Cam\u00f8noen, parkeringsplads til minimum 500 biler m.m.?<br \/>\nPlanl\u00e6gger Magnus Klamer J\u00f8rgensen fort\u00e6ller at Vordingborg Kommune arbejder p\u00e5 en infrastruktur og logistikplan for M\u00f8n, hvor der kigges p\u00e5 en r\u00e6kke af de forhold, som Stege Lokalforum n\u00e6vner. Ikke bare i relation til feriecentret, men ogs\u00e5 generelt ift. de udfordringer der har v\u00e6ret p\u00e5 M\u00f8n pga. de mange bes\u00f8gende. P\u00e5 baggrund af denne plan skal politikerne tr\u00e6ffe afg\u00f8relser om det videre forl\u00f8b.<\/p>\n<\/div>\n<\/div><\/div><\/div><\/div><\/div><p>Hits: 849<\/p>","protected":false},"excerpt":{"rendered":"<p>Ferieparken hjelm Bugt er taget af bordet pga. manglende opbakning lokalt. Vi f\u00f8lger op p\u00e5. P\u00e5 hjemmesiden www.m\u00f8nsklint.com, som tilsyneladende er ejet af projektet \u201dM\u00f8ns Klint Feriepark\u201d, optr\u00e6der to af kommunens embedsm\u00e6nd, Anja Valh\u00f8j og Jan Michelsen i en meget flot reklamefilm for et ferieparkprojekt i Hjelm Bugt. Her fort\u00e6lles bl.a. om eldrevne busser der&hellip; <br \/> <a class=\"button small blue\" href=\"http:\/\/www.stegelokalforum.dk\/index.php\/projekter\/andre-projekter\/feriepark-i-hjelm-bugt\/\">L\u00e6s mere<\/a><\/p>\n<div class=\"pvc_clear\"><\/div>\n<p id=\"pvc_stats_170\" class=\"pvc_stats all  \" data-element-id=\"170\" style=\"\"><i class=\"pvc-stats-icon medium\" aria-hidden=\"true\"><svg aria-hidden=\"true\" focusable=\"false\" data-prefix=\"far\" data-icon=\"chart-bar\" role=\"img\" xmlns=\"http:\/\/www.w3.org\/2000\/svg\" viewBox=\"0 0 512 512\" class=\"svg-inline--fa fa-chart-bar fa-w-16 fa-2x\"><path fill=\"currentColor\" d=\"M396.8 352h22.4c6.4 0 12.8-6.4 12.8-12.8V108.8c0-6.4-6.4-12.8-12.8-12.8h-22.4c-6.4 0-12.8 6.4-12.8 12.8v230.4c0 6.4 6.4 12.8 12.8 12.8zm-192 0h22.4c6.4 0 12.8-6.4 12.8-12.8V140.8c0-6.4-6.4-12.8-12.8-12.8h-22.4c-6.4 0-12.8 6.4-12.8 12.8v198.4c0 6.4 6.4 12.8 12.8 12.8zm96 0h22.4c6.4 0 12.8-6.4 12.8-12.8V204.8c0-6.4-6.4-12.8-12.8-12.8h-22.4c-6.4 0-12.8 6.4-12.8 12.8v134.4c0 6.4 6.4 12.8 12.8 12.8zM496 400H48V80c0-8.84-7.16-16-16-16H16C7.16 64 0 71.16 0 80v336c0 17.67 14.33 32 32 32h464c8.84 0 16-7.16 16-16v-16c0-8.84-7.16-16-16-16zm-387.2-48h22.4c6.4 0 12.8-6.4 12.8-12.8v-70.4c0-6.4-6.4-12.8-12.8-12.8h-22.4c-6.4 0-12.8 6.4-12.8 12.8v70.4c0 6.4 6.4 12.8 12.8 12.8z\" class=\"\"><\/path><\/svg><\/i> <img loading=\"lazy\" decoding=\"async\" width=\"16\" height=\"16\" alt=\"Loading\" src=\"http:\/\/www.stegelokalforum.dk\/wp-content\/plugins\/page-views-count\/ajax-loader-2x.gif\" border=0 \/><\/p>\n<div class=\"pvc_clear\"><\/div>\n","protected":false},"author":2,"featured_media":0,"parent":159,"menu_order":3,"comment_status":"closed","ping_status":"closed","template":"","meta":{"footnotes":""},"_links":{"self":[{"href":"http:\/\/www.stegelokalforum.dk\/index.php\/wp-json\/wp\/v2\/pages\/170"}],"collection":[{"href":"http:\/\/www.stegelokalforum.dk\/index.php\/wp-json\/wp\/v2\/pages"}],"about":[{"href":"http:\/\/www.stegelokalforum.dk\/index.php\/wp-json\/wp\/v2\/types\/page"}],"author":[{"embeddable":true,"href":"http:\/\/www.stegelokalforum.dk\/index.php\/wp-json\/wp\/v2\/users\/2"}],"replies":[{"embeddable":true,"href":"http:\/\/www.stegelokalforum.dk\/index.php\/wp-json\/wp\/v2\/comments?post=170"}],"version-history":[{"count":5,"href":"http:\/\/www.stegelokalforum.dk\/index.php\/wp-json\/wp\/v2\/pages\/170\/revisions"}],"predecessor-version":[{"id":1298,"href":"http:\/\/www.stegelokalforum.dk\/index.php\/wp-json\/wp\/v2\/pages\/170\/revisions\/1298"}],"up":[{"embeddable":true,"href":"http:\/\/www.stegelokalforum.dk\/index.php\/wp-json\/wp\/v2\/pages\/159"}],"wp:attachment":[{"href":"http:\/\/www.stegelokalforum.dk\/index.php\/wp-json\/wp\/v2\/media?parent=170"}],"curies":[{"name":"wp","href":"https:\/\/api.w.org\/{rel}","templated":true}]}}