{"id":1562,"date":"2026-02-05T14:34:18","date_gmt":"2026-02-05T14:34:18","guid":{"rendered":"https:\/\/www.stegelokalforum.dk\/?page_id=1562"},"modified":"2026-03-18T16:27:29","modified_gmt":"2026-03-18T16:27:29","slug":"2026-03-09","status":"publish","type":"page","link":"http:\/\/www.stegelokalforum.dk\/index.php\/stege-lokalforum\/generalforsamlinger\/2026-03-09\/","title":{"rendered":"2026.03.09 Referat"},"content":{"rendered":"<p>&nbsp;<\/p>\n<p><strong>Stege Lokalforum, 9. marts 2026 LIV I VORES GAMLE K\u00d8BSTAD!!<\/strong><\/p>\n<p>K\u00e6re repr\u00e6sentanter for f\u00e6llesskaber med interesse i vores omr\u00e5de. Velkommen til generalforsamling!!<\/p>\n<p>Dagsorden \/referat:<\/p>\n<p>Velkommen &amp; Kaffe\/kage<\/p>\n<p>1. Valg af dirigent, referent &amp; stemmet\u00e6llere<\/p>\n<p>Steffen Steffensen; Krista Steffensen; Katherine Borregaard &amp; Jeanett Lopez<\/p>\n<p>2. Bestyrelsens redeg\u00f8relse for aktiviteter i den forl\u00f8bne periode v\/Jeanett Falkenstr\u00f8m<\/p>\n<p>Beretningen (vedh\u00e6ftet) gav anledning til en livlig snak omkring bordene. Herunder en m\u00e6rkbar forskel p\u00e5 de 3 m\u00f8nske lokalfora: \u00d8st, Vest &amp; Stege, hvor \u00d8st &amp; Vest er mere aktivistiske, &#8211; n\u00f8dvendigt i betragtning af, at begge omr\u00e5der er fors\u00f8gt \u201dafviklet\u201d fra officiel side; mens Stege er mere handlingsorienteret mht. at blande sig i foreningslivet og facilitere fremgang for vores k\u00f8bstad.<\/p>\n<p>3. Indkomne forslag behandles<\/p>\n<p>Ingen forslag<\/p>\n<p>4. Valg af bestyrelsesmedlemmer og suppleanter<\/p>\n<p>Bestyrelsen best\u00e5r i \u00f8jeblikket af 5 medlemmer: Formand Jeanett Falkenstr\u00f8m, kasserer Anette Vangkilde, sekret\u00e6r Krista Steffensen, bestyrelsesmedlemmer Jan Hansen, samt Katharine Ines Pitarch<\/p>\n<p>P\u00e5 valg er: Anette, Katherine og Krista. Alle 3 modtager genvalg. Der er plads til flere medlemmer s\u00e5vel som suppleanter i bestyrelsen.<\/p>\n<p>Genvalg til de 3 bestyrelsesmedlemmer. Desuden valgtes en suppleant: Rene\u00b4 Kj\u00e6rulf.<\/p>\n<p>5. Eventuelt<\/p>\n<p>Livlig snak om rigtig mange emner, &#8211; ogs\u00e5 emner som ligger uden for Stege Lokalforums handlemuligheder.<\/p>\n<p>Aftenens emne: LIV I VORES GAMLE K\u00d8BSTAD!! Hvordan skaber, &#8211; og holder vi liv og kreativitet i Steges bymidte?? Aftenens g\u00e6st er Marco fra Norr\u00f8n Arkitekter, gav et sp\u00e6ndende opl\u00e6g til debat. Herunder noter fra foredraget:<\/p>\n<p>Destinationsudvikling: Cam\u00f8noen, Vandhuset i Stege m.fl.<\/p>\n<p>Hvad nu hvis:<\/p>\n<p>1) G\u00e6stebidrag<\/p>\n<p>Autencitet \/ integritet. Steges byport(e), k\u00f8bstad \/ handelsstad &#8211; betale \u201dtold\u201d = \u201dg\u00e6stebidrag\u201d = et \u00e5rsabonnement for at komme ind i Stege K\u00f8bstad (Easy Park, &#8211; nmmerpladescanning). En \u201dbomtold\u201d p\u00e5 kr. 100,- pr. \u00e5r pr. bil vil kunne samle ca. kr. 50.000.000,- ind, som skal bruges til at investere i byen, s\u00e5 alle bes\u00f8gende og borgere f\u00e5r noget for pengene.<\/p>\n<p>2) J\u00e6gersborggademodellen<\/p>\n<p>Investering -&gt; at bruge penge til f.eks. oplevelses\u00f8konomisk detailhandel; klassiske menneskevenlige greb. F\u00e5 progressive, seje typer til at flytte til og \u00e5bne forretning. S\u00f8rg for at det er attraktivt mht. husleje, som stiger i takt m\/indtjeningen. Alts\u00e5: investere i lave huslejer!<\/p>\n<p>3) K\u00f8bstadshotel<\/p>\n<p>Overnatningsmuligheder i mange forskellige BB i Stege, &#8211; stor kapacitet = at tjene penge (p\u00e5 ovenst. J\u00e6gersborggademodel). Der er evidens for et dokumenteret d\u00f8gnforbrug for g\u00e6ster i alle kategorier.<\/p>\n<p>Det VILDE m\u00f8de:<\/p>\n<p>500.000 g\u00e6ster som \u00e5rligt bes\u00f8ger M\u00f8n, &#8211; spredt ud over hele \u00e5ret.<\/p>\n<p>N\u00f8glen er: Overnatningskapacitet hele \u00e5ret. \u00c5bne restauranter hele \u00e5ret. At markedsf\u00f8re vinteraktiviteter. At f\u00e5 gang i flere aktiviteter i Sukkerfabrikkens fabrikshaller.<\/p>\n<p>Vi har en k\u00f8bstad som allerede er under forandring. Vi kan v\u00e6lge at r\u00e6kke ud og lade forandringen komme os alle til gode ved at have modet til at tjene penge, investere, og lade byen tjene penge.<\/p>\n<p>Afslutning og tak for i aften<\/p>\n<p>For referat: Krista<\/p>\n<p>&nbsp;<\/p>\n<p>&nbsp;<\/p>\n<p>&nbsp;<\/p>\n<div class=\"pvc_clear\"><\/div>\n<p id=\"pvc_stats_1562\" class=\"pvc_stats all  \" data-element-id=\"1562\" style=\"\"><i class=\"pvc-stats-icon medium\" aria-hidden=\"true\"><svg aria-hidden=\"true\" focusable=\"false\" data-prefix=\"far\" data-icon=\"chart-bar\" role=\"img\" xmlns=\"http:\/\/www.w3.org\/2000\/svg\" viewBox=\"0 0 512 512\" class=\"svg-inline--fa fa-chart-bar fa-w-16 fa-2x\"><path fill=\"currentColor\" d=\"M396.8 352h22.4c6.4 0 12.8-6.4 12.8-12.8V108.8c0-6.4-6.4-12.8-12.8-12.8h-22.4c-6.4 0-12.8 6.4-12.8 12.8v230.4c0 6.4 6.4 12.8 12.8 12.8zm-192 0h22.4c6.4 0 12.8-6.4 12.8-12.8V140.8c0-6.4-6.4-12.8-12.8-12.8h-22.4c-6.4 0-12.8 6.4-12.8 12.8v198.4c0 6.4 6.4 12.8 12.8 12.8zm96 0h22.4c6.4 0 12.8-6.4 12.8-12.8V204.8c0-6.4-6.4-12.8-12.8-12.8h-22.4c-6.4 0-12.8 6.4-12.8 12.8v134.4c0 6.4 6.4 12.8 12.8 12.8zM496 400H48V80c0-8.84-7.16-16-16-16H16C7.16 64 0 71.16 0 80v336c0 17.67 14.33 32 32 32h464c8.84 0 16-7.16 16-16v-16c0-8.84-7.16-16-16-16zm-387.2-48h22.4c6.4 0 12.8-6.4 12.8-12.8v-70.4c0-6.4-6.4-12.8-12.8-12.8h-22.4c-6.4 0-12.8 6.4-12.8 12.8v70.4c0 6.4 6.4 12.8 12.8 12.8z\" class=\"\"><\/path><\/svg><\/i> <img loading=\"lazy\" decoding=\"async\" width=\"16\" height=\"16\" alt=\"Loading\" src=\"http:\/\/www.stegelokalforum.dk\/wp-content\/plugins\/page-views-count\/ajax-loader-2x.gif\" border=0 \/><\/p>\n<div class=\"pvc_clear\"><\/div>\n<p>Hits: 72<\/p>","protected":false},"excerpt":{"rendered":"<p>&nbsp; Stege Lokalforum, 9. marts 2026 LIV I VORES GAMLE K\u00d8BSTAD!! K\u00e6re repr\u00e6sentanter for f\u00e6llesskaber med interesse i vores omr\u00e5de. Velkommen til generalforsamling!! Dagsorden \/referat: Velkommen &amp; Kaffe\/kage 1. Valg af dirigent, referent &amp; stemmet\u00e6llere Steffen Steffensen; Krista Steffensen; Katherine Borregaard &amp; Jeanett Lopez 2. Bestyrelsens redeg\u00f8relse for aktiviteter i den forl\u00f8bne periode v\/Jeanett Falkenstr\u00f8m&hellip; <br \/> <a class=\"button small blue\" href=\"http:\/\/www.stegelokalforum.dk\/index.php\/stege-lokalforum\/generalforsamlinger\/2026-03-09\/\">L\u00e6s mere<\/a><\/p>\n<div class=\"pvc_clear\"><\/div>\n<p id=\"pvc_stats_1562\" class=\"pvc_stats all  \" data-element-id=\"1562\" style=\"\"><i class=\"pvc-stats-icon medium\" aria-hidden=\"true\"><svg aria-hidden=\"true\" focusable=\"false\" data-prefix=\"far\" data-icon=\"chart-bar\" role=\"img\" xmlns=\"http:\/\/www.w3.org\/2000\/svg\" viewBox=\"0 0 512 512\" class=\"svg-inline--fa fa-chart-bar fa-w-16 fa-2x\"><path fill=\"currentColor\" d=\"M396.8 352h22.4c6.4 0 12.8-6.4 12.8-12.8V108.8c0-6.4-6.4-12.8-12.8-12.8h-22.4c-6.4 0-12.8 6.4-12.8 12.8v230.4c0 6.4 6.4 12.8 12.8 12.8zm-192 0h22.4c6.4 0 12.8-6.4 12.8-12.8V140.8c0-6.4-6.4-12.8-12.8-12.8h-22.4c-6.4 0-12.8 6.4-12.8 12.8v198.4c0 6.4 6.4 12.8 12.8 12.8zm96 0h22.4c6.4 0 12.8-6.4 12.8-12.8V204.8c0-6.4-6.4-12.8-12.8-12.8h-22.4c-6.4 0-12.8 6.4-12.8 12.8v134.4c0 6.4 6.4 12.8 12.8 12.8zM496 400H48V80c0-8.84-7.16-16-16-16H16C7.16 64 0 71.16 0 80v336c0 17.67 14.33 32 32 32h464c8.84 0 16-7.16 16-16v-16c0-8.84-7.16-16-16-16zm-387.2-48h22.4c6.4 0 12.8-6.4 12.8-12.8v-70.4c0-6.4-6.4-12.8-12.8-12.8h-22.4c-6.4 0-12.8 6.4-12.8 12.8v70.4c0 6.4 6.4 12.8 12.8 12.8z\" class=\"\"><\/path><\/svg><\/i> <img loading=\"lazy\" decoding=\"async\" width=\"16\" height=\"16\" alt=\"Loading\" src=\"http:\/\/www.stegelokalforum.dk\/wp-content\/plugins\/page-views-count\/ajax-loader-2x.gif\" border=0 \/><\/p>\n<div class=\"pvc_clear\"><\/div>\n","protected":false},"author":1,"featured_media":0,"parent":66,"menu_order":0,"comment_status":"closed","ping_status":"closed","template":"","meta":{"footnotes":""},"_links":{"self":[{"href":"http:\/\/www.stegelokalforum.dk\/index.php\/wp-json\/wp\/v2\/pages\/1562"}],"collection":[{"href":"http:\/\/www.stegelokalforum.dk\/index.php\/wp-json\/wp\/v2\/pages"}],"about":[{"href":"http:\/\/www.stegelokalforum.dk\/index.php\/wp-json\/wp\/v2\/types\/page"}],"author":[{"embeddable":true,"href":"http:\/\/www.stegelokalforum.dk\/index.php\/wp-json\/wp\/v2\/users\/1"}],"replies":[{"embeddable":true,"href":"http:\/\/www.stegelokalforum.dk\/index.php\/wp-json\/wp\/v2\/comments?post=1562"}],"version-history":[{"count":5,"href":"http:\/\/www.stegelokalforum.dk\/index.php\/wp-json\/wp\/v2\/pages\/1562\/revisions"}],"predecessor-version":[{"id":1571,"href":"http:\/\/www.stegelokalforum.dk\/index.php\/wp-json\/wp\/v2\/pages\/1562\/revisions\/1571"}],"up":[{"embeddable":true,"href":"http:\/\/www.stegelokalforum.dk\/index.php\/wp-json\/wp\/v2\/pages\/66"}],"wp:attachment":[{"href":"http:\/\/www.stegelokalforum.dk\/index.php\/wp-json\/wp\/v2\/media?parent=1562"}],"curies":[{"name":"wp","href":"https:\/\/api.w.org\/{rel}","templated":true}]}}

<p>&nbsp;</p>
<p><strong>Stege Lokalforum, 9. marts 2026 LIV I VORES GAMLE KØBSTAD!!</strong></p>
<p>Kære repræsentanter for fællesskaber med interesse i vores område. Velkommen til generalforsamling!!</p>
<p>Dagsorden /referat:</p>
<p>Velkommen &amp; Kaffe/kage</p>
<p>1. Valg af dirigent, referent &amp; stemmetællere</p>
<p>Steffen Steffensen; Krista Steffensen; Katherine Borregaard &amp; Jeanett Lopez</p>
<p>2. Bestyrelsens redegørelse for aktiviteter i den forløbne periode v/Jeanett Falkenstrøm</p>
<p>Beretningen (vedhæftet) gav anledning til en livlig snak omkring bordene. Herunder en mærkbar forskel på de 3 mønske lokalfora: Øst, Vest &amp; Stege, hvor Øst &amp; Vest er mere aktivistiske, &#8211; nødvendigt i betragtning af, at begge områder er forsøgt ”afviklet” fra officiel side; mens Stege er mere handlingsorienteret mht. at blande sig i foreningslivet og facilitere fremgang for vores købstad.</p>
<p>3. Indkomne forslag behandles</p>
<p>Ingen forslag</p>
<p>4. Valg af bestyrelsesmedlemmer og suppleanter</p>
<p>Bestyrelsen består i øjeblikket af 5 medlemmer: Formand Jeanett Falkenstrøm, kasserer Anette Vangkilde, sekretær Krista Steffensen, bestyrelsesmedlemmer Jan Hansen, samt Katharine Ines Pitarch</p>
<p>På valg er: Anette, Katherine og Krista. Alle 3 modtager genvalg. Der er plads til flere medlemmer såvel som suppleanter i bestyrelsen.</p>
<p>Genvalg til de 3 bestyrelsesmedlemmer. Desuden valgtes en suppleant: Rene´ Kjærulf.</p>
<p>5. Eventuelt</p>
<p>Livlig snak om rigtig mange emner, &#8211; også emner som ligger uden for Stege Lokalforums handlemuligheder.</p>
<p>Aftenens emne: LIV I VORES GAMLE KØBSTAD!! Hvordan skaber, &#8211; og holder vi liv og kreativitet i Steges bymidte?? Aftenens gæst er Marco fra Norrøn Arkitekter, gav et spændende oplæg til debat. Herunder noter fra foredraget:</p>
<p>Destinationsudvikling: Camønoen, Vandhuset i Stege m.fl.</p>
<p>Hvad nu hvis:</p>
<p>1) Gæstebidrag</p>
<p>Autencitet / integritet. Steges byport(e), købstad / handelsstad &#8211; betale ”told” = ”gæstebidrag” = et årsabonnement for at komme ind i Stege Købstad (Easy Park, &#8211; nmmerpladescanning). En ”bomtold” på kr. 100,- pr. år pr. bil vil kunne samle ca. kr. 50.000.000,- ind, som skal bruges til at investere i byen, så alle besøgende og borgere får noget for pengene.</p>
<p>2) Jægersborggademodellen</p>
<p>Investering -&gt; at bruge penge til f.eks. oplevelsesøkonomisk detailhandel; klassiske menneskevenlige greb. Få progressive, seje typer til at flytte til og åbne forretning. Sørg for at det er attraktivt mht. husleje, som stiger i takt m/indtjeningen. Altså: investere i lave huslejer!</p>
<p>3) Købstadshotel</p>
<p>Overnatningsmuligheder i mange forskellige BB i Stege, &#8211; stor kapacitet = at tjene penge (på ovenst. Jægersborggademodel). Der er evidens for et dokumenteret døgnforbrug for gæster i alle kategorier.</p>
<p>Det VILDE møde:</p>
<p>500.000 gæster som årligt besøger Møn, &#8211; spredt ud over hele året.</p>
<p>Nøglen er: Overnatningskapacitet hele året. Åbne restauranter hele året. At markedsføre vinteraktiviteter. At få gang i flere aktiviteter i Sukkerfabrikkens fabrikshaller.</p>
<p>Vi har en købstad som allerede er under forandring. Vi kan vælge at række ud og lade forandringen komme os alle til gode ved at have modet til at tjene penge, investere, og lade byen tjene penge.</p>
<p>Afslutning og tak for i aften</p>
<p>For referat: Krista</p>
<p>&nbsp;</p>
<p>&nbsp;</p>
<p>&nbsp;</p>
<div class="pvc_clear"></div>
<p id="pvc_stats_1562" class="pvc_stats all  " data-element-id="1562" style=""><i class="pvc-stats-icon medium" aria-hidden="true"><svg aria-hidden="true" focusable="false" data-prefix="far" data-icon="chart-bar" role="img" xmlns="http://www.w3.org/2000/svg" viewBox="0 0 512 512" class="svg-inline--fa fa-chart-bar fa-w-16 fa-2x"><path fill="currentColor" d="M396.8 352h22.4c6.4 0 12.8-6.4 12.8-12.8V108.8c0-6.4-6.4-12.8-12.8-12.8h-22.4c-6.4 0-12.8 6.4-12.8 12.8v230.4c0 6.4 6.4 12.8 12.8 12.8zm-192 0h22.4c6.4 0 12.8-6.4 12.8-12.8V140.8c0-6.4-6.4-12.8-12.8-12.8h-22.4c-6.4 0-12.8 6.4-12.8 12.8v198.4c0 6.4 6.4 12.8 12.8 12.8zm96 0h22.4c6.4 0 12.8-6.4 12.8-12.8V204.8c0-6.4-6.4-12.8-12.8-12.8h-22.4c-6.4 0-12.8 6.4-12.8 12.8v134.4c0 6.4 6.4 12.8 12.8 12.8zM496 400H48V80c0-8.84-7.16-16-16-16H16C7.16 64 0 71.16 0 80v336c0 17.67 14.33 32 32 32h464c8.84 0 16-7.16 16-16v-16c0-8.84-7.16-16-16-16zm-387.2-48h22.4c6.4 0 12.8-6.4 12.8-12.8v-70.4c0-6.4-6.4-12.8-12.8-12.8h-22.4c-6.4 0-12.8 6.4-12.8 12.8v70.4c0 6.4 6.4 12.8 12.8 12.8z" class=""></path></svg></i> <img loading="lazy" decoding="async" width="16" height="16" alt="Loading" src="http://www.stegelokalforum.dk/wp-content/plugins/page-views-count/ajax-loader-2x.gif" border=0 /></p>
<div class="pvc_clear"></div>
<p>Hits: 72</p>

<p>&nbsp; Stege Lokalforum, 9. marts 2026 LIV I VORES GAMLE KØBSTAD!! Kære repræsentanter for fællesskaber med interesse i vores område. Velkommen til generalforsamling!! Dagsorden /referat: Velkommen &amp; Kaffe/kage 1. Valg af dirigent, referent &amp; stemmetællere Steffen Steffensen; Krista Steffensen; Katherine Borregaard &amp; Jeanett Lopez 2. Bestyrelsens redegørelse for aktiviteter i den forløbne periode v/Jeanett Falkenstrøm&hellip; <br /> <a class="button small blue" href="http://www.stegelokalforum.dk/index.php/stege-lokalforum/generalforsamlinger/2026-03-09/">Læs mere</a></p>
<div class="pvc_clear"></div>
<p id="pvc_stats_1562" class="pvc_stats all  " data-element-id="1562" style=""><i class="pvc-stats-icon medium" aria-hidden="true"><svg aria-hidden="true" focusable="false" data-prefix="far" data-icon="chart-bar" role="img" xmlns="http://www.w3.org/2000/svg" viewBox="0 0 512 512" class="svg-inline--fa fa-chart-bar fa-w-16 fa-2x"><path fill="currentColor" d="M396.8 352h22.4c6.4 0 12.8-6.4 12.8-12.8V108.8c0-6.4-6.4-12.8-12.8-12.8h-22.4c-6.4 0-12.8 6.4-12.8 12.8v230.4c0 6.4 6.4 12.8 12.8 12.8zm-192 0h22.4c6.4 0 12.8-6.4 12.8-12.8V140.8c0-6.4-6.4-12.8-12.8-12.8h-22.4c-6.4 0-12.8 6.4-12.8 12.8v198.4c0 6.4 6.4 12.8 12.8 12.8zm96 0h22.4c6.4 0 12.8-6.4 12.8-12.8V204.8c0-6.4-6.4-12.8-12.8-12.8h-22.4c-6.4 0-12.8 6.4-12.8 12.8v134.4c0 6.4 6.4 12.8 12.8 12.8zM496 400H48V80c0-8.84-7.16-16-16-16H16C7.16 64 0 71.16 0 80v336c0 17.67 14.33 32 32 32h464c8.84 0 16-7.16 16-16v-16c0-8.84-7.16-16-16-16zm-387.2-48h22.4c6.4 0 12.8-6.4 12.8-12.8v-70.4c0-6.4-6.4-12.8-12.8-12.8h-22.4c-6.4 0-12.8 6.4-12.8 12.8v70.4c0 6.4 6.4 12.8 12.8 12.8z" class=""></path></svg></i> <img loading="lazy" decoding="async" width="16" height="16" alt="Loading" src="http://www.stegelokalforum.dk/wp-content/plugins/page-views-count/ajax-loader-2x.gif" border=0 /></p>
<div class="pvc_clear"></div>
